{"id":190,"date":"2016-05-08T03:21:48","date_gmt":"2016-05-08T03:21:48","guid":{"rendered":"http:\/\/www.memoriasdecorea.com\/wordpress\/?page_id=190"},"modified":"2016-05-08T03:21:48","modified_gmt":"2016-05-08T03:21:48","slug":"politecnico-jaime-isaza-cadavid","status":"publish","type":"page","link":"http:\/\/www.memoriasdecorea.com\/wordpress\/ceremonias\/politecnico-jaime-isaza-cadavid\/","title":{"rendered":"Polit\u00e9cnico Jaime Isaza Cadavid"},"content":{"rendered":"<p>Tomado de: http:\/\/www.politecnicojic.edu.co\/index.php?option=com_content&amp;view=article&amp;id=2242:-corea-un-pais-lleno-de-oportunidades<\/p>\n<table class=\"contentpaneopen\">\n<tbody>\n<tr>\n<td class=\"contentheading\" width=\"100%\">Corea: un pa\u00eds lleno de oportunidades<\/td>\n<td class=\"buttonheading\" align=\"right\" width=\"100%\"><a title=\"Imprimir\" href=\"http:\/\/www.politecnicojic.edu.co\/index.php?view=article&amp;catid=94%3Adestacado&amp;id=2242%3A-corea-un-pais-lleno-de-oportunidades&amp;tmpl=component&amp;print=1&amp;layout=default&amp;page=&amp;option=com_content\" rel=\"nofollow\"><img decoding=\"async\" src=\"http:\/\/www.politecnicojic.edu.co\/images\/M_images\/printButton.png\" alt=\"Imprimir\" \/><\/a><\/td>\n<td class=\"buttonheading\" align=\"right\" width=\"100%\"><a title=\"E-mail\" href=\"http:\/\/www.politecnicojic.edu.co\/index.php?option=com_mailto&amp;tmpl=component&amp;link=b5a0d5923eab02b7ba8d1a138357476357a8cad6\"><img decoding=\"async\" src=\"http:\/\/www.politecnicojic.edu.co\/images\/M_images\/emailButton.png\" alt=\"E-mail\" \/><\/a><\/td>\n<\/tr>\n<\/tbody>\n<\/table>\n<table class=\"contentpaneopen\">\n<tbody>\n<tr>\n<td valign=\"top\"><img loading=\"lazy\" decoding=\"async\" src=\"http:\/\/www.politecnicojic.edu.co\/images\/stories\/novedades\/universidad\/2013\/embajador_corea.JPG\" alt=\"Embajador y Rector\" width=\"224\" height=\"361\" align=\"left\" hspace=\"10\" \/>El Embajador de la Rep\u00fablica de Corea (Corea del Sur), Choo Jong-Youn,\u00a0 brind\u00f3 a toda la comunidad antioque\u00f1a, la conferencia: &#8220;Corea: un pa\u00eds lleno de oportunidades\u201d, charla en la cual se expusieron las transformaciones que se dieron en esa naci\u00f3n para lograr lo que muy pocos han alcanzado: pasar de ser el pa\u00eds m\u00e1s pobre del mundo a ser una de las naciones m\u00e1s prosperas.<\/p>\n<p><em>\u201cLa visita del Embajador Jong-Youn es de toda la importancia para el proceso que est\u00e1 viviendo el Poli. Con la Rep\u00fablica de Corea tenemos muchas coincidencias. Por ejemplo, esta es una naci\u00f3n de pura <strong>vocaci\u00f3n tecnol\u00f3gica<\/strong> en el mismo sentido que lo entiende nuestra instituci\u00f3n. Gracias a ello, esta naci\u00f3n pas\u00f3 de ser un pa\u00eds donde el hambre era una constante, \u00a0a ser un ejemplo para el mundo en generaci\u00f3n de riqueza, logrando ser una de las 10 econom\u00edas m\u00e1s fuertes del planeta. Igualmente, la <strong>tecnolog\u00eda, la innovaci\u00f3n y el emprendimiento<\/strong> son constantes de la vocaci\u00f3n productiva e intelectual de <img loading=\"lazy\" decoding=\"async\" src=\"http:\/\/www.politecnicojic.edu.co\/images\/stories\/novedades\/universidad\/2013\/veterano_guerra.jpg\" alt=\"Veterano de Guerra\" width=\"231\" height=\"211\" align=\"left\" hspace=\"10\" \/>Corea, con lo cual encontramos otro elemento de coincidencia con nuestros prop\u00f3sitos institucionales. Esta conferencia nos permitir\u00e1 aprender sobre los principales factores de \u00e9xito en estos temas, as\u00ed como profundizar en las m\u00faltiples oportunidades que tenemos los colombianos \u2013y la comunidad polit\u00e9cnica- con ese pa\u00eds.\u201d<\/em> expres\u00f3 Juan Felipe Teo Rend\u00f3n, Director de Cooperaci\u00f3n Nacional e Internacional del Poli.<\/p>\n<p>Durante esta conferencia se cont\u00f3 con la presencia del Sr. Hildebrando V\u00e9lez, veterano de guerra, a quien el Embajador le brind\u00f3 un agradecimiento p\u00fablico por su ayuda durante los tiempos dif\u00edciles de su naci\u00f3n.<\/td>\n<\/tr>\n<\/tbody>\n<\/table>\n","protected":false},"excerpt":{"rendered":"<p>Tomado de: http:\/\/www.politecnicojic.edu.co\/index.php?option=com_content&amp;view=article&amp;id=2242:-corea-un-pais-lleno-de-oportunidades Corea: un pa\u00eds lleno de oportunidades El Embajador de la Rep\u00fablica de Corea (Corea del Sur), Choo Jong-Youn,\u00a0 brind\u00f3 a toda la comunidad antioque\u00f1a, la conferencia: &#8220;Corea: un pa\u00eds lleno de oportunidades\u201d, charla en la cual se expusieron las transformaciones que se dieron en esa naci\u00f3n para lograr lo que muy pocos&#8230; <\/p>\n<div class=\"link-more\"><a href=\"http:\/\/www.memoriasdecorea.com\/wordpress\/ceremonias\/politecnico-jaime-isaza-cadavid\/\">Read More<\/a><\/div>\n","protected":false},"author":1,"featured_media":0,"parent":6,"menu_order":0,"comment_status":"closed","ping_status":"closed","template":"","meta":{"footnotes":""},"class_list":["post-190","page","type-page","status-publish","hentry"],"_links":{"self":[{"href":"http:\/\/www.memoriasdecorea.com\/wordpress\/wp-json\/wp\/v2\/pages\/190"}],"collection":[{"href":"http:\/\/www.memoriasdecorea.com\/wordpress\/wp-json\/wp\/v2\/pages"}],"about":[{"href":"http:\/\/www.memoriasdecorea.com\/wordpress\/wp-json\/wp\/v2\/types\/page"}],"author":[{"embeddable":true,"href":"http:\/\/www.memoriasdecorea.com\/wordpress\/wp-json\/wp\/v2\/users\/1"}],"replies":[{"embeddable":true,"href":"http:\/\/www.memoriasdecorea.com\/wordpress\/wp-json\/wp\/v2\/comments?post=190"}],"version-history":[{"count":1,"href":"http:\/\/www.memoriasdecorea.com\/wordpress\/wp-json\/wp\/v2\/pages\/190\/revisions"}],"predecessor-version":[{"id":191,"href":"http:\/\/www.memoriasdecorea.com\/wordpress\/wp-json\/wp\/v2\/pages\/190\/revisions\/191"}],"up":[{"embeddable":true,"href":"http:\/\/www.memoriasdecorea.com\/wordpress\/wp-json\/wp\/v2\/pages\/6"}],"wp:attachment":[{"href":"http:\/\/www.memoriasdecorea.com\/wordpress\/wp-json\/wp\/v2\/media?parent=190"}],"curies":[{"name":"wp","href":"https:\/\/api.w.org\/{rel}","templated":true}]}}