{"id":436,"date":"2016-05-14T01:09:50","date_gmt":"2016-05-14T01:09:50","guid":{"rendered":"http:\/\/www.memoriasdecorea.com\/wordpress\/?page_id=436"},"modified":"2016-05-14T01:10:38","modified_gmt":"2016-05-14T01:10:38","slug":"2008-15-de-febrero","status":"publish","type":"page","link":"http:\/\/www.memoriasdecorea.com\/wordpress\/menciones-honorificas\/2008-15-de-febrero\/","title":{"rendered":"2008 \u2013 15 de Febrero"},"content":{"rendered":"<p class=\"dAntetitulo\">Fuente:\u00a0https:\/\/www.ejercito.mil.co\/?idcategoria=198652<\/p>\n<p class=\"dAntetitulo\">Fecha: 15 de Febrero de 2008<\/p>\n<div id=\"fb-root\" class=\" fb_reset\">\n<div>\n<div><iframe loading=\"lazy\" id=\"fb_xdm_frame_https\" tabindex=\"-1\" title=\"Facebook Cross Domain Communication Frame\" src=\"https:\/\/staticxx.facebook.com\/connect\/xd_arbiter.php?version=42#channel=f17ac4c2ac435d8&amp;origin=https%3A%2F%2Fwww.ejercito.mil.co\" name=\"fb_xdm_frame_https\" width=\"300\" height=\"150\" frameborder=\"0\" scrolling=\"no\" allowfullscreen=\"allowfullscreen\"><\/iframe><\/div>\n<\/div>\n<\/div>\n<div class=\"secondaryBody\">\n<div id=\"contenedor\">\n<p><a name=\"top\"><\/a><\/p>\n<div id=\"cabezote\">\n<div class=\"menu_util\">\n<map title=\"Barra de navegaci\u00f3n de herramientas\" name=\"nav_herramientas\"><a accesskey=\"1\" class=\"inicio\" href=\"https:\/\/www.ejercito.mil.co\/?idcategoria=88704\"><strong>Inicio<\/strong><\/a><a title=\"\" href=\"https:\/\/www.ejercito.mil.co\/index.php?idcategoria=93915\"><strong>Buscar<\/strong><\/a><a title=\"\" href=\"https:\/\/www.ejercito.mil.co\/index.php?idcategoria=93916\"><strong>Mapa<\/strong><\/a><a title=\"\" href=\"https:\/\/www.ejercito.mil.co\/index.php?idcategoria=93917\"><strong>Contacto<\/strong><\/a><a title=\"\" href=\"https:\/\/www.ejercito.mil.co\/index.php?idcategoria=93918\"><strong>Registro<\/strong><\/a><a title=\"\" href=\"https:\/\/www.ejercito.mil.co\/index.php?idcategoria=280851\"><strong>Mi cuenta<\/strong><\/a><a title=\"\" href=\"https:\/\/www.ejercito.mil.co\/index.php?idcategoria=349242\"><strong>Login<\/strong><\/a><\/map>\n<\/div>\n<\/div>\n<\/div>\n<\/div>\n<div><a class=\"twitter_logo\" title=\"Twitter\" href=\"http:\/\/twitter.com\/#!\/COL_EJERCITO\" target=\"_blank\">\u00a0<\/a><a class=\"facebook_logo\" title=\"Facebook\" href=\"http:\/\/www.facebook.com\/pages\/Bogota-Colombia\/Ejercito-Nacional-de-Colombia\/123905300955489\" target=\"_blank\">\u00a0<\/a><a class=\"flicker\" title=\"flicker\" href=\"http:\/\/www.flickr.com\/photos\/ejercito-nacional\/\" target=\"_blank\">\u00a0<\/a><a class=\"youtube\" title=\"youtube\" href=\"http:\/\/www.youtube.com\/user\/EjercitoNacionalCol#p\" target=\"_blank\">\u00a0<\/a><a class=\"google\" title=\"Google+\" href=\"https:\/\/plus.google.com\/107080352388357009735\" target=\"_blank\">\u00a0<\/a><a class=\"instagram\" title=\"Instagram\" href=\"http:\/\/instagram.com\/ejercitonacionalcolombia\" target=\"_blank\">\u00a0<\/a><\/div>\n<div class=\"buscador\">\n<form id=\"cse-search-box\" action=\"http:\/\/www.google.com\/cse\"><input id=\"q\" class=\"texto\" title=\"image\" name=\"q\" size=\"28\" type=\"text\" value=\"Buscar\" \/><input class=\"boton\" title=\"image\" alt=\"Buscar\" name=\"submit\" src=\"https:\/\/www.ejercito.mil.co\/_templates\/SEPTIMA_DIVISION2013\/recursos\/images\/button_buscar.png\" type=\"image\" \/><\/form>\n<\/div>\n<div id=\"cabezote_escudos\">\n<div class=\"escudo_ejercito\"><a title=\"SEPTIMA DIVISION: http:\/\/www.septimadivision.mil.co\/\" href=\"http:\/\/www.septimadivision.mil.co\/\"><img decoding=\"async\" src=\"https:\/\/www.ejercito.mil.co\/_templates\/SEPTIMA_DIVISION2013\/recursos\/images\/cabezote\/banner\/Escudo-Ejercito-Nuevo.png\" alt=\"_ROT_ESCUDO_INST:SEPTIMA DIVISION\" \/><\/a><\/div>\n<div class=\"titulo\"><img decoding=\"async\" src=\"https:\/\/www.ejercito.mil.co\/_templates\/SEPTIMA_DIVISION2013\/recursos\/images\/cabezote\/banner\/titulo.png\" alt=\"Ej\u00e9rcito Nacional de Colombia - Patria, Honor, Lealtad\" \/><\/div>\n<div class=\"escudo_colombia\"><a title=\"SEPTIMA DIVISION: http:\/\/www.septimadivision.mil.co\/\" href=\"http:\/\/www.septimadivision.mil.co\/\"><img decoding=\"async\" src=\"https:\/\/www.ejercito.mil.co\/_templates\/SEPTIMA_DIVISION2013\/recursos\/images\/cabezote\/banner\/escudo_colombia.png\" alt=\"_ROT_ESCUDO_INST:SEPTIMA DIVISION\" \/><\/a><\/div>\n<\/div>\n<div id=\"navegacion_principal\">\n<ul class=\"menu2\">\n<li class=\"top\">\n<div class=\"seleccionado\"><a class=\"top_link\" href=\"https:\/\/www.ejercito.mil.co\/?idcategoria=89524\">Con\u00f3zcanos &gt;<\/a><\/div>\n<ul class=\"sub\">\n<li id=\"nDos90895\"><a href=\"https:\/\/www.ejercito.mil.co\/?idcategoria=90895\">Rese\u00f1a Hist\u00f3rica<\/a><\/li>\n<li id=\"nDos90897\"><a href=\"https:\/\/www.ejercito.mil.co\/?idcategoria=90897\">Misi\u00f3n<\/a><\/li>\n<li id=\"nDos90898\"><a href=\"https:\/\/www.ejercito.mil.co\/?idcategoria=90898\">Comandante BG Jorge Arturo Salgado Restrepo<\/a><\/li>\n<li id=\"nDos91052\"><a href=\"https:\/\/www.ejercito.mil.co\/?idcategoria=91052\">Jurisdicci\u00f3n<\/a><\/li>\n<li id=\"nDos89527\"><a href=\"https:\/\/www.ejercito.mil.co\/?idcategoria=89527\">Red de Cooperantes<\/a><\/li>\n<li id=\"nDos91210\"><a href=\"https:\/\/www.ejercito.mil.co\/?idcategoria=91210\">C\u00f3digo de Honor<\/a><\/li>\n<li id=\"nDos91211\"><a href=\"https:\/\/www.ejercito.mil.co\/?idcategoria=91211\">Directorio<\/a><\/li>\n<li id=\"nDos95477\"><a href=\"https:\/\/www.ejercito.mil.co\/?idcategoria=95477\">&#8220;H\u00e9roe, Camina&#8221;<\/a><\/li>\n<li id=\"nDos189218\"><a href=\"https:\/\/www.ejercito.mil.co\/?idcategoria=189218\">Saludo del Comandante<\/a><\/li>\n<li id=\"nDos318336\"><a href=\"https:\/\/www.ejercito.mil.co\/?idcategoria=318336\">Compa\u00f1\u00eda de Sanidad<\/a><\/li>\n<li id=\"nDos344683\" class=\"liLast\"><a href=\"https:\/\/www.ejercito.mil.co\/?idcategoria=344683\">Galer\u00eda Fotogr\u00e1fica<\/a><\/li>\n<\/ul>\n<\/li>\n<li class=\"top\">\n<div class=\"seleccionado\"><a class=\"top_link\" href=\"https:\/\/www.ejercito.mil.co\/?idcategoria=89526\">Derechos Humanos &gt;<\/a><\/div>\n<ul class=\"sub\">\n<li id=\"nDos323226\"><a href=\"https:\/\/www.ejercito.mil.co\/?idcategoria=323226\">Seminario Regional de Derecho Operacional<\/a><\/li>\n<li id=\"nDos317096\"><a href=\"https:\/\/www.ejercito.mil.co\/?idcategoria=317096\">Ej\u00e9rcito Nacional celebra el D\u00eda Nacional d&#8230;<\/a><\/li>\n<li id=\"nDos311613\"><a href=\"https:\/\/www.ejercito.mil.co\/?idcategoria=311613\">Taller de \u201cDerechos Humanos y Derecho Internacional Human&#8230;<\/a><\/li>\n<li id=\"nDos286064\"><a href=\"https:\/\/www.ejercito.mil.co\/?idcategoria=286064\">Seminario de lecciones aprendidas en Derechos Humanos co&#8230;<\/a><\/li>\n<li id=\"nDos285297\"><a href=\"https:\/\/www.ejercito.mil.co\/?idcategoria=285297\">Ejercito participa en capacitaci\u00f3n de Derechos Hum&#8230;<\/a><\/li>\n<li id=\"nDos281644\"><a href=\"https:\/\/www.ejercito.mil.co\/?idcategoria=281644\">Taller de Capacitaci\u00f3n Sistema Interamericano.<\/a><\/li>\n<li id=\"nDos278189\"><a href=\"https:\/\/www.ejercito.mil.co\/?idcategoria=278189\">Plan de protecci\u00f3n y respeto de los derechos human&#8230;<\/a><\/li>\n<li id=\"nDos263141\"><a href=\"https:\/\/www.ejercito.mil.co\/?idcategoria=263141\">S\u00e9ptima Divisi\u00f3n participa en el d\u00eda&#8230;<\/a><\/li>\n<li id=\"nDos221629\"><a href=\"https:\/\/www.ejercito.mil.co\/?idcategoria=221629\">NORMAS FUNDAMENTALES DEL DIH<\/a><\/li>\n<li id=\"nDos91152\" class=\"liLast\"><a href=\"https:\/\/www.ejercito.mil.co\/?idcategoria=91152\">Normatividad<\/a><\/li>\n<\/ul>\n<\/li>\n<li class=\"top\">\n<div class=\"seleccionado\"><a class=\"top_link\" href=\"https:\/\/www.ejercito.mil.co\/?idcategoria=89529\">Brigadas &gt;<\/a><\/div>\n<ul class=\"sub\">\n<li id=\"nDos90753\"><a href=\"https:\/\/www.ejercito.mil.co\/?idcategoria=90753\">Cuarta Brigada<\/a><\/li>\n<li id=\"nDos90769\"><a href=\"https:\/\/www.ejercito.mil.co\/?idcategoria=90769\">D\u00e9cimoprimera Brigada<\/a><\/li>\n<li id=\"nDos90770\"><a href=\"https:\/\/www.ejercito.mil.co\/?idcategoria=90770\">D\u00e9cimocuarta Brigada<\/a><\/li>\n<li id=\"nDos90778\"><a href=\"https:\/\/www.ejercito.mil.co\/?idcategoria=90778\">D\u00e9cimos\u00e9ptima Brigada<\/a><\/li>\n<li id=\"nDos239507\"><a href=\"https:\/\/www.ejercito.mil.co\/?idcategoria=239507\">Fuerza de Tarea Nudo de Paramillo<\/a><\/li>\n<li id=\"nDos263691\"><a href=\"https:\/\/www.ejercito.mil.co\/?idcategoria=263691\">Brigada de selva No. 15<\/a><\/li>\n<li id=\"nDos369662\" class=\"liLast\"><a href=\"https:\/\/www.ejercito.mil.co\/?idcategoria=369662\">Fuerza de Tarea Conjunta Tit\u00e1n<\/a><\/li>\n<\/ul>\n<\/li>\n<li class=\"top\">\n<div class=\"seleccionado\"><a class=\"top_link\" href=\"https:\/\/www.ejercito.mil.co\/?idcategoria=241957\">Atenci\u00f3n al Ciudadano &gt;<\/a><\/div>\n<ul class=\"sub\">\n<li id=\"nDos241958\"><a href=\"https:\/\/www.ejercito.mil.co\/?idcategoria=241958\">Rese\u00f1a Hist\u00f3rica<\/a><\/li>\n<li id=\"nDos241960\"><a href=\"https:\/\/www.ejercito.mil.co\/?idcategoria=241960\">Objetivos y Alcance<\/a><\/li>\n<li id=\"nDos241961\" class=\"liLast\"><a href=\"https:\/\/www.ejercito.mil.co\/?idcategoria=241961\">Cont\u00e1ctenos<\/a><\/li>\n<\/ul>\n<\/li>\n<li class=\"top\">\n<div class=\"seleccionado\"><a class=\"top_link\" href=\"https:\/\/www.ejercito.mil.co\/?idcategoria=286923\">Medios Informativos &gt;<\/a><\/div>\n<ul class=\"sub\">\n<li id=\"nDos89528\"><a href=\"https:\/\/www.ejercito.mil.co\/?idcategoria=89528\">NOTICIAS<\/a><\/li>\n<li id=\"nDos97171\"><a href=\"https:\/\/www.ejercito.mil.co\/?idcategoria=97171\">Presencia Institucional<\/a><\/li>\n<li id=\"nDos358411\"><a href=\"https:\/\/www.ejercito.mil.co\/?idcategoria=358411\">Boletines<\/a><\/li>\n<li id=\"nDos365545\" class=\"liLast\"><a href=\"https:\/\/www.ejercito.mil.co\/?idcategoria=365545\">NOTICIAS DIV 7<\/a><\/li>\n<\/ul>\n<\/li>\n<li class=\"top\">\n<div class=\"seleccionado\"><a class=\"top_link\" href=\"https:\/\/www.ejercito.mil.co\/?idcategoria=357634\">Gesti\u00f3n ambiental &gt;<\/a><\/div>\n<ul class=\"sub\">\n<li id=\"nDos357832\"><a href=\"https:\/\/www.ejercito.mil.co\/?idcategoria=357832\">\u00bfQu\u00e9 hacemos?<\/a><\/li>\n<li id=\"nDos357833\"><a href=\"https:\/\/www.ejercito.mil.co\/?idcategoria=357833\">Pol\u00edtica Ambiental<\/a><\/li>\n<li id=\"nDos357834\"><a href=\"https:\/\/www.ejercito.mil.co\/?idcategoria=357834\">Boletines Educativos<\/a><\/li>\n<li id=\"nDos357835\"><a href=\"https:\/\/www.ejercito.mil.co\/?idcategoria=357835\">Noticias Ambientales<\/a><\/li>\n<li id=\"nDos357836\"><a href=\"https:\/\/www.ejercito.mil.co\/?idcategoria=357836\">Videos<\/a><\/li>\n<li id=\"nDos357837\" class=\"liLast\"><a href=\"https:\/\/www.ejercito.mil.co\/?idcategoria=357837\">Cont\u00e1ctenos<\/a><\/li>\n<\/ul>\n<\/li>\n<li class=\"top\">\n<div class=\"seleccionado\"><a class=\"top_link\" href=\"https:\/\/www.ejercito.mil.co\/?idcategoria=395723\">EJERCITO NACIONAL LOGRA LA CAPTURA DE&#8230;<\/a><\/div>\n<\/li>\n<\/ul>\n<\/div>\n<div id=\"navegacion_datos\">\n<div id=\"datos\">\n<map title=\"Barra de navegaci\u00f3n de las migas\" name=\"nav_migas\">\n<div id=\"migas\">\n<div>\n<p>Usted est\u00e1 aqu\u00ed: <a href=\"https:\/\/www.ejercito.mil.co\/?idcategoria=88704\">S\u00e9ptima Divisi\u00f3n<\/a><span class=\"mayor\">&gt;<\/span> <a href=\"https:\/\/www.ejercito.mil.co\/?idcategoria=286923\">Medios Informativos<\/a><span class=\"mayor\">&gt;<\/span> <a href=\"https:\/\/www.ejercito.mil.co\/?idcategoria=89528\">NOTICIAS<\/a><span class=\"mayor\">&gt;<\/span> <strong>Un evento para rendir homenaje a las FFMM<\/strong><\/p>\n<\/div>\n<\/div>\n<\/map>\n<div id=\"cuerpo_contenido\">\n<div id=\"default\">\n<p class=\"dAntetitulo\">La muestra se iniciar\u00e1 hoy en el Premium Plaza<\/p>\n<div id=\"dEncabezados\">\n<h3>Un evento para rendir homenaje a las FFMM<\/h3>\n<\/div>\n<div class=\"default-aux-1\">\n<p class=\"fecha\">15 de febrero de 2008<\/p>\n<div id=\"default_entradilla\" class=\"default_entradilla\">\n<div>\n<p><img decoding=\"async\" class=\"imgDefault\" src=\"https:\/\/www.ejercito.mil.co\/tools\/microsThumb.php?src=recursos_user\/imagenes\/\/division_septima\/FEB_15_HOMENAJE_FFMM.JPG&amp;w=185\" alt=\"Un evento para rendir homenaje a las FFMM\" \/><\/p>\n<\/div>\n<div class=\"entradilla\">Los veteranos que participaron en la guerra de Corea tendr\u00e1n un espacio para compartir sus experiencias con los asistentes.<\/div>\n<div id=\"default_descripcion\" class=\"default_descripcion\">\n<p>Conocer el actuar de las fuerzas militares de Colombia desde el mar, tierra y aire y hacer un homenaje a las mismas es el objetivo del evento \u201cColombia patria m\u00eda\u201d que se desarrollar\u00e1 desde ma\u00f1ana y hasta el pr\u00f3ximo fin de semana.<\/p>\n<p>El centro comercial Premium Plaza es el sitio donde se dispondr\u00e1 de estands en los que el Ej\u00e9rcito, La Fuerza A\u00e9rea y la Armada Nacional tendr\u00e1n un contacto con la ciudadan\u00eda y mostrar\u00e1 algunos de los equipos y avances tecnol\u00f3gicos que usan en sus labores.<\/p>\n<p>El teniente coronel Mauricio Gonz\u00e1lez se\u00f1al\u00f3 que este evento es algo que fortalece y compromete m\u00e1s a cada uno de los miembros de las Fuerzas militares, asimismo agradeci\u00f3 por ese homenaje que hace la ciudadan\u00eda con la realizaci\u00f3n de esta feria.<\/p>\n<p>\u201cEl ej\u00e9rcito se vincula con una demostraci\u00f3n de los equipos que usamos en infanter\u00eda, caballer\u00eda y comunicaciones, adem\u00e1s de equipos que usamos en el desminado humanitario, adem\u00e1s una demostraci\u00f3n de la escuela militar de cadetes para que los j\u00f3venes conozcan c\u00f3mo pueden ingresar a hacer la carrera militar, tambi\u00e9n habr\u00e1 un stand para que los j\u00f3venes resuelvan todas las dudas con respecto a las vida militar\u201d, detall\u00f3 el militar.<\/p>\n<p><b>Los veteranos de Corea <\/b><\/p>\n<p>La feria es la posibilidad de que la ciudadan\u00eda tenga un contacto m\u00e1s cercano con las Fuerzas Militares, que conozca el funcionamiento de las mismas y puedan aprender con aquellos elementos y herramientas que usan los soldados en sus misiones.<\/p>\n<p>Veh\u00edculos militares, una lancha pira\u00f1a y el casco usado en el helic\u00f3ptero Arp\u00eda 3 hacen parte de la exhibici\u00f3n que se tendr\u00e1, la que ser\u00e1 complementada con demostraciones de rescates y de las operaciones realizadas por cada una de las tres Fuerzas (Ej\u00e9rcito, Fuerza A\u00e9rea y Armada Nacional).<\/p>\n<p>Los veteranos tambi\u00e9n tendr\u00e1n su espacio en esta muestra. Hildebrando V\u00e9lez Vel\u00e1squez, veterano de la guerra de Corea, dijo que estar\u00e1n presentes durante los d\u00edas del evento para contar sus historias y an\u00e9cdotas. \u201cQueremos explicarle a la gente de Antioquia, porque hay muchos que no saben que hubo tropa colombiana en Corea, c\u00f3mo fueron nuestras operaciones all\u00e1. Vamos a presentar documentales, libros sobre la guerra, una enciclopedia, medallas y reconocimientos que nos hicieron, adem\u00e1s le vamos a contar a la gente qu\u00e9 fue la guerra de Corea y vamos a contar an\u00e9cdotas e historias\u201d, resalt\u00f3.<\/p>\n<p>El secretario de Gobierno de Medell\u00edn, Jes\u00fas Mar\u00eda Ram\u00edrez Cano, destac\u00f3 este evento como algo importante porque \u201cbusca presentar los avances tecnol\u00f3gicos, hacer demostraciones, llevar un mensaje muy claro en t\u00e9rminos del apoyo que debemos dar a las Fuerzas Militares y el reconocimiento al esfuerzo en la defensa de nuestra soberan\u00eda y democracia\u201d.<\/p>\n<\/div>\n<p class=\"default_autor\">Peri\u00f3dico El Mundo<\/p>\n<\/div>\n<div class=\"contador\">\n<div class=\"social\">\n<div class=\"tw\"><a href=\"https:\/\/twitter.com\/share\" target=\"_blank\" data-url=\"http:\/\/www.septimadivision.mil.co\/?idcategoria=198652\" data-lang=\"es\" data-related=\"COL_EJERCITO\" data-hashtags=\"COL_EJERCITO\" data-dnt=\"true\" data-via=\"COL_EJERCITO\">Tweet<\/a><\/div>\n<div class=\"fb\"><a href=\"https:\/\/www.ejercito.mil.co\/?idcategoria=198652#\">Me gusta<\/a><\/div>\n<div class=\"gplus\"><a href=\"https:\/\/www.ejercito.mil.co\/?idcategoria=198652#\">Compartir<\/a><\/div>\n<\/div>\n<\/div>\n<div id=\"default_utilitarios\"><a title=\"Ir al inicio de esta p\u00c3\u00a1gina\" href=\"https:\/\/www.ejercito.mil.co\/?idcategoria=198652#top\"><img decoding=\"async\" src=\"https:\/\/www.ejercito.mil.co\/_templates\/SEPTIMA_DIVISION2013\/recursos\/images\/auxiliares\/mini_subir.gif\" alt=\"&quot;Ir al inicio de esta p\u00c3\u00a1gina&quot;\" \/><\/a>\u00a0 <a class=\"imprimir\" title=\"Ver en formato amigable para la impresora\" href=\"https:\/\/www.ejercito.mil.co\/index.php?idcategoria=198652&amp;print&amp;inf=0\" target=\"_blank\"><img decoding=\"async\" src=\"https:\/\/www.ejercito.mil.co\/_templates\/SEPTIMA_DIVISION2013\/recursos\/images\/auxiliares\/mini_imprimir.gif\" alt=\"Ver en formato amigable para la impresora\" \/><\/a>\u00a0 <a title=\"Click para recomendar esta secci\u00f3n a un amigo\"><img decoding=\"async\" src=\"https:\/\/www.ejercito.mil.co\/_templates\/SEPTIMA_DIVISION2013\/recursos\/images\/auxiliares\/mini_enviar.gif\" alt=\"Click para recomendar esta secci\u00f3n a un amigo\" \/><\/a><\/div>\n<\/div>\n<\/div>\n<\/div>\n<\/div>\n<\/div>\n<div id=\"footer\">\n<div class=\"fi-aux-1\">\n<div class=\"fi-aux-2\">\n<map class=\"nav_instituciones\" title=\"Barra de navegaci\u00f3n de las Instituciones del Estado\" name=\"nav_instituciones\">\n<p class=\"ni-aux-1\"><a title=\"Enlace al Sitio Web de la Presidencia de la Rep\u00fablica de Colombia\" href=\"http:\/\/www.presidencia.gov.co\/\" target=\"_blank\"><img decoding=\"async\" class=\"presidencia\" src=\"https:\/\/www.ejercito.mil.co\/_templates\/SEPTIMA_DIVISION2013\/recursos\/images\/d_nav_pie\/presidencia.png\" alt=\"Presidencia de la Rep\u00fablica de Colombia\" \/><\/a> <a title=\"Enlace al Sitio Web del Ministerio de Defensa Nacional\" href=\"http:\/\/www.mindefensa.gov.co\/\" target=\"_blank\"><img decoding=\"async\" class=\"ministerio\" src=\"https:\/\/www.ejercito.mil.co\/_templates\/SEPTIMA_DIVISION2013\/recursos\/images\/d_nav_pie\/ministerio-defensa.png\" alt=\"Ministerio de Defensa Nacional\" \/><\/a> <a title=\"Enlace al Sitio Web del Comando General de las Fuerzas Militares\" href=\"http:\/\/www.cgfm.mil.co\/\" target=\"_blank\"><img decoding=\"async\" class=\"comando\" src=\"https:\/\/www.ejercito.mil.co\/_templates\/SEPTIMA_DIVISION2013\/recursos\/images\/d_nav_pie\/comando-general.png\" alt=\"Comando General Fuerzas Militares\" \/><\/a> <a class=\"btnLast\" title=\"Enlace al Sitio Web de Gobierno en L\u00ednea\" href=\"http:\/\/www.gobiernoenlinea.gov.co\/\" target=\"_blank\"><img decoding=\"async\" class=\"gobierno\" src=\"https:\/\/www.ejercito.mil.co\/_templates\/SEPTIMA_DIVISION2013\/recursos\/images\/d_nav_pie\/gobierno-linea.png\" alt=\"Gobierno en L\u00ednea\" \/><\/a><\/p>\n<\/map>\n<\/div>\n<\/div>\n<div class=\"f-aux-4\">\n<ul>\n<ul>\n<li class=\"nombre_sitio\">SEPTIMA DIVISION<\/li>\n<li class=\"displayBlock\">Calle 50 No. 76 &#8211; 126<\/li>\n<li>574 230 85 84<\/li>\n<li class=\"displayBlock\">Todos los derechos reservados \u00a9 Micrositios 2013<\/li>\n<li class=\"displayBlock\"><span lang=\"en\">Webmaster<\/span>: <a class=\"webmaster\" href=\"http:\/\/www.ejercito.mil.co\/?idcategoria=197342\">atencionciudadanoejc@ejercito.mil.co<\/a><\/li>\n<li class=\"displayBlock\"><a class=\"condiciones\" href=\"http:\/\/www.ejercito.mil.co\/index.php?idcategoria=211835\">Pol\u00edticas de Privacidad y Condiciones de Uso del Sitio<\/a><\/li>\n<\/ul>\n<\/ul>\n<ul id=\"info_entidad\">\n<li class=\"rss\"><a href=\"https:\/\/www.ejercito.mil.co\/tools\/rss.php\"><abbr lang=\"en\" title=\"Really Simple Syndication\"><img decoding=\"async\" src=\"https:\/\/www.ejercito.mil.co\/_templates\/SEPTIMA_DIVISION2013\/recursos\/images\/auxiliares\/rss.png\" alt=\"RSS\" \/><\/abbr><\/a><\/li>\n<\/ul>\n<\/div>\n<\/div>\n","protected":false},"excerpt":{"rendered":"<p>Fuente:\u00a0https:\/\/www.ejercito.mil.co\/?idcategoria=198652 Fecha: 15 de Febrero de 2008 InicioBuscarMapaContactoRegistroMi cuentaLogin \u00a0\u00a0\u00a0\u00a0\u00a0\u00a0 Con\u00f3zcanos &gt; Rese\u00f1a Hist\u00f3rica Misi\u00f3n Comandante BG Jorge Arturo Salgado Restrepo Jurisdicci\u00f3n Red de Cooperantes C\u00f3digo de Honor Directorio &#8220;H\u00e9roe, Camina&#8221; Saludo del Comandante Compa\u00f1\u00eda de Sanidad Galer\u00eda Fotogr\u00e1fica Derechos Humanos &gt; Seminario Regional de Derecho Operacional Ej\u00e9rcito Nacional celebra el D\u00eda Nacional d&#8230; Taller&#8230; <\/p>\n<div class=\"link-more\"><a href=\"http:\/\/www.memoriasdecorea.com\/wordpress\/menciones-honorificas\/2008-15-de-febrero\/\">Read More<\/a><\/div>\n","protected":false},"author":1,"featured_media":0,"parent":8,"menu_order":0,"comment_status":"closed","ping_status":"closed","template":"","meta":{"footnotes":""},"class_list":["post-436","page","type-page","status-publish","hentry"],"_links":{"self":[{"href":"http:\/\/www.memoriasdecorea.com\/wordpress\/wp-json\/wp\/v2\/pages\/436"}],"collection":[{"href":"http:\/\/www.memoriasdecorea.com\/wordpress\/wp-json\/wp\/v2\/pages"}],"about":[{"href":"http:\/\/www.memoriasdecorea.com\/wordpress\/wp-json\/wp\/v2\/types\/page"}],"author":[{"embeddable":true,"href":"http:\/\/www.memoriasdecorea.com\/wordpress\/wp-json\/wp\/v2\/users\/1"}],"replies":[{"embeddable":true,"href":"http:\/\/www.memoriasdecorea.com\/wordpress\/wp-json\/wp\/v2\/comments?post=436"}],"version-history":[{"count":2,"href":"http:\/\/www.memoriasdecorea.com\/wordpress\/wp-json\/wp\/v2\/pages\/436\/revisions"}],"predecessor-version":[{"id":438,"href":"http:\/\/www.memoriasdecorea.com\/wordpress\/wp-json\/wp\/v2\/pages\/436\/revisions\/438"}],"up":[{"embeddable":true,"href":"http:\/\/www.memoriasdecorea.com\/wordpress\/wp-json\/wp\/v2\/pages\/8"}],"wp:attachment":[{"href":"http:\/\/www.memoriasdecorea.com\/wordpress\/wp-json\/wp\/v2\/media?parent=436"}],"curies":[{"name":"wp","href":"https:\/\/api.w.org\/{rel}","templated":true}]}}