{"id":6,"date":"2016-05-06T23:38:54","date_gmt":"2016-05-06T23:38:54","guid":{"rendered":"http:\/\/www.memoriasdecorea.com\/wordpress\/?page_id=6"},"modified":"2016-05-08T03:26:30","modified_gmt":"2016-05-08T03:26:30","slug":"ceremonias","status":"publish","type":"page","link":"http:\/\/www.memoriasdecorea.com\/wordpress\/ceremonias\/","title":{"rendered":"CEREMONIAS"},"content":{"rendered":"<p><strong>Polit\u00e9cnico Jaime Isaza Cadavid:<\/strong> Visita del embajador\u00a0Choo Jong-Youn de la Rep\u00fablica de Corea (Corea del Sur) a la ciudad de Medell\u00edn, ceremonia durante la cual\u00a0el Embajador le brind\u00f3 un agradecimiento p\u00fablico por su ayuda durante los tiempos dif\u00edciles de su naci\u00f3n.<\/p>\n<p>Fuente:\u00a0<a href=\"http:\/\/www.politecnicojic.edu.co\/index.php?option=com_content&amp;view=article&amp;id=2242:-corea-un-pais-lleno-de-oportunidades\">http:\/\/www.politecnicojic.edu.co\/index.php?option=com_content&amp;view=article&amp;id=2242:-corea-un-pais-lleno-de-oportunidades<\/a><\/p>\n<p>&nbsp;<\/p>\n","protected":false},"excerpt":{"rendered":"<p>Polit\u00e9cnico Jaime Isaza Cadavid: Visita del embajador\u00a0Choo Jong-Youn de la Rep\u00fablica de Corea (Corea del Sur) a la ciudad de Medell\u00edn, ceremonia durante la cual\u00a0el Embajador le brind\u00f3 un agradecimiento p\u00fablico por su ayuda durante los tiempos dif\u00edciles de su naci\u00f3n. Fuente:\u00a0http:\/\/www.politecnicojic.edu.co\/index.php?option=com_content&amp;view=article&amp;id=2242:-corea-un-pais-lleno-de-oportunidades &nbsp;<\/p>\n","protected":false},"author":1,"featured_media":0,"parent":0,"menu_order":0,"comment_status":"closed","ping_status":"closed","template":"","meta":{"footnotes":""},"class_list":["post-6","page","type-page","status-publish","hentry"],"_links":{"self":[{"href":"http:\/\/www.memoriasdecorea.com\/wordpress\/wp-json\/wp\/v2\/pages\/6"}],"collection":[{"href":"http:\/\/www.memoriasdecorea.com\/wordpress\/wp-json\/wp\/v2\/pages"}],"about":[{"href":"http:\/\/www.memoriasdecorea.com\/wordpress\/wp-json\/wp\/v2\/types\/page"}],"author":[{"embeddable":true,"href":"http:\/\/www.memoriasdecorea.com\/wordpress\/wp-json\/wp\/v2\/users\/1"}],"replies":[{"embeddable":true,"href":"http:\/\/www.memoriasdecorea.com\/wordpress\/wp-json\/wp\/v2\/comments?post=6"}],"version-history":[{"count":5,"href":"http:\/\/www.memoriasdecorea.com\/wordpress\/wp-json\/wp\/v2\/pages\/6\/revisions"}],"predecessor-version":[{"id":199,"href":"http:\/\/www.memoriasdecorea.com\/wordpress\/wp-json\/wp\/v2\/pages\/6\/revisions\/199"}],"wp:attachment":[{"href":"http:\/\/www.memoriasdecorea.com\/wordpress\/wp-json\/wp\/v2\/media?parent=6"}],"curies":[{"name":"wp","href":"https:\/\/api.w.org\/{rel}","templated":true}]}}